remainder when 1366 is divided by 1301?
65
Calculate the remainder when 56414 is divided by 7.
1
What is the remainder when 1337 is divided by 73?
23
Calculate the remainder when 482105 is divided by 11.
8
What is the remainder when 747547 is divided by 10834?
1
What is the remainder when 34715 is divided by 39?
5
What is the remainder when 3635 is divided by 1198?
41
What is the remainder when 467295 is divided by 34?
33
What is the remainder when 24715 is divided by 125?
90
Calculate the remainder when 158105 is divided by 75.
5
Calculate the remainder when 1331 is divided by 337.
320
Calculate the remainder when 150400 is divided by 2638.
34
Calculate the remainder when 95119 is divided by 60.
19
What is the remainder when 172220 is divided by 86108?
4
What is the remainder when 224694 is divided by 453?
6
What is the remainder when 477006 is divided by 81?
78
What is the remainder when 58349 is divided by 30?
29
What is the remainder when 387 is divided by 361?
26
Calculate the remainder when 1965936 is divided by 13.
11
Calculate the remainder when 26316 is divided by 1012.
4
What is the remainder when 921 is divided by 27?
3
What is the remainder when 43299 is divided by 323?
17
Calculate the remainder when 1251 is divided by 227.
116
Calculate the remainder when 4591 is divided by 142.
47
What is the remainder when 215153 is divided by 722?
719
Calculate the remainder when 4400 is divided by 4284.
116
What is the remainder when 63248 is divided by 251?
247
What is the remainder when 32307 is divided by 522?
465
Calculate the remainder when 2815 is divided by 204.
163
Calculate the remainder when 24695 is divided by 8222.
29
Calculate the remainder when 279 is divided by 105.
69
What is the remainder when 9237 is divided by 370?
357
Calculate the remainder when 23033 is divided by 7608.
209
Calculate the remainder when 49802 is divided by 108.
14
Calculate the remainder when 59266 is divided by 47.
46
Calculate the remainder when 1620 is divided by 376.
116
What is the remainder when 85705 is divided by 19?
15
What is the remainder when 2653 is divided by 989?
675
What is the remainder when 549828 is divided by 2291?
2279
Calculate the remainder when 27480 is divided by 40.
0
What is the remainder when 265252 is divided by 53042?
42
Calculate the remainder when 87465 is divided by 77.
70
Calculate the remainder when 49658 is divided by 12408.
26
What is the remainder when 856 is divided by 219?
199
Calculate the remainder when 914299 is divided by 223.
222
Calculate the remainder when 2197 is divided by 715.
52
What is the remainder when 22576 is divided by 7494?
94
Calculate the remainder when 218713 is divided by 80.
73
Calculate the remainder when 5423 is divided by 5355.
68
What is the remainder when 499783 is divided by 58?
55
What is the remainder when 8024 is divided by 32?
24
What is the remainder when 145354 is divided by 790?
784
What is the remainder when 4934 is divided by 753?
416
What is the remainder when 81265 is divided by 2081?
106
What is the remainder when 3746 is divided by 44?
6
Calculate the remainder when 2259 is divided by 109.
79
What is the remainder when 20529 is divided by 6839?
12
What is the remainder when 2005 is divided by 16?
5
What is the remainder when 1056 is divided by 1041?
15
What is the remainder when 829 is divided by 545?
284
What is the remainder when 496 is divided by 12?
4
What is the remainder when 5616 is divided by 1510?
1086
Calculate the remainder when 12360 is divided by 498.
408
Calculate the remainder when 941760 is divided by 85613.
17
Calculate the remainder when 4942 is divided by 4940.
2
What is the remainder when 570290 is divided by 373?
346
Calculate the remainder when 10403 is divided by 3444.
71
What is the remainder when 6090 is divided by 91?
84
Calculate the remainder when 13245 is divided by 276.
273
What is the remainder when 20770 is divided by 98?
92
Calculate the remainder when 119147 is divided by 18.
5
Calculate the remainder when 4028448 is divided by 565.
563
Calculate the remainder when 21774 is divided by 707.
564
Calculate the remainder when 3160 is divided by 1574.
12
Calculate the remainder when 84470 is divided by 414.
14
What is the remainder when 105736 is divided by 43?
42
What is the remainder when 147838 is divided by 36957?
10
Calculate the remainder when 9596 is divided by 3117.
245
What is the remainder when 327757 is divided by 680?
677
Calculate the remainder when 36649 is divided by 154.
151
Calculate the remainder when 2362 is divided by 548.
170
What is the remainder when 2027580 is divided by 52?
48
What is the remainder when 3809 is divided by 218?
103
What is the remainder when 83236 is divided by 517?
516
What is the remainder when 41467 is divided by 8291?
12
Calculate the remainder when 2002 is divided by 620.
142
What is the remainder when 26938 is divided by 30?
28
Calculate the remainder when 14243 is divided by 17.
14
What is the remainder when 19969 is divided by 2493?
25
Calculate the remainder when 38531 is divided by 38385.
146
Calculate the remainder when 409 is divided by 112.
73
What is the remainder when 5743 is divided by 169?
166
What is the remainder when 30222 is divided by 28?
10
What is the remainder when 23309 is divided by 47?
44
Calculate the remainder when 14483 is divided by 26.
1
What is the remainder when 5071 is divided by 315?
31
Calculate the remainder when 292192 is divided by 146085.
22
What is the remainder when 581 is divided by 64?
5
What is the remainder when 92486 is divided by 22?
20
Calculate the remainder when 15545 is divided by 15476.
69
What is the remainder when 364 is divided by 55?
34
What is the remainder when 58512 is divided by 22?
14
Calculate the remainder when 24407 is divided by 8132.
11
Calculate the remainder when 83888 is divided by 39.
38
What is the remainder when 191611 is divided by 737?
728
Calculate the remainder when 14435 is divided by 2056.
43
Calculate the remainder when 61828 is divided by 59.
55
What is the remainder when 16154 is divided by 2086?
1552
Calculate the remainder when 593043 is divided by 47.
44
What is the remainder when 916433 is divided by 56?
49
What is the remainder when 7462 is divided by 414?
10
Calculate the remainder when 1435 is divided by 33.
16
What is the remainder when 148967 is divided by 74473?
21
Calculate the remainder when 14229 is divided by 284.
29
What is the remainder when 55757 is divided by 328?
325
What is the remainder when 4638444 is divided by 16?
12
Calculate the remainder when 41312 is divided by 79.
74
Calculate the remainder when 18877 is divided by 480.
157
Calculate the remainder when 1520 is divided by 257.
235
Calculate the remainder when 20567 is divided by 8.
7
Calculate the remainder when 901340 is divided by 82.
78
Calculate the remainder when 406 is divided by 127.
25
Calculate the remainder when 26956 is divided by 17.
11
Calculate the remainder when 2453 is divided by 2413.
40
Calculate the remainder when 1585 is divided by 772.
41
Calculate the remainder when 291 is divided by 67.
23
What is the remainder when 2109 is divided by 494?
133
What is the remainder when 52819 is divided by 68?
51
What is the remainder when 2227 is divided by 383?
312
What is the remainder when 12257 is divided by 250?
7
Calculate the remainder when 15805 is divided by 109.
0
What is the remainder when 29873 is divided by 124?
113
What is the remainder when 190994 is divided by 43?
31
What is the remainder when 309760 is divided by 26?
22
What is the remainder when 2159783 is divided by 133?
129
What is the remainder when 2840 is divided by 101?
12
Calculate the remainder when 1635 is divided by 525.
60
Calculate the remainder when 2416 is divided by 599.
20
What is the remainder when 3637 is divided by 1211?
4
Calculate the remainder when 348704 is divided by 18352.
16
What is the remainder when 4515 is divided by 1534?
1447
Calculate the remainder when 51802 is divided by 3451.
37
Calculate the remainder when 119526 is divided by 67.
65
Calculate the remainder when 12185 is divided by 321.
308
What is the remainder when 56030 is divided by 68?
66
Calculate the remainder when 431698 is divided by 60.
58
What is the remainder when 1483 